9 (base 13) in base 6?
-5310333
Convert 111033023010 (base 4) to base 7.
65214552
4355515 (base 6) to base 9
361562
Convert 980917 (base 12) to base 13.
6635a1
What is 70506d (base 15) in base 10?
5332603
What is -6765537 (base 8) in base 9?
-3387820
-21021202120002 (base 3) to base 6
-215001515
Convert -346c4 (base 14) to base 12.
-619b0
What is 52843 (base 11) in base 12?
385aa
Convert 6074c (base 13) to base 7.
1316150
-195877 (base 10) to base 11
-124190
-1213101020 (base 4) to base 8
-1472110
What is 45335 (base 7) in base 3?
120202122
What is 121453612 (base 7) in base 14?
1021509
Convert -916843 (base 11) to base 13.
-3c7676
254566 (base 11) to base 6
12333524
Convert -31314053 (base 7) to base 11.
-15453a2
121461524 (base 7) to base 2
11101000010010110000000
What is 1010000111100000 (base 2) in base 7?
231550
What is 215813 (base 10) in base 16?
34b05
Convert -1002101021110 (base 3) to base 10.
-578298
Convert -24661264 (base 8) to base 5.
-2344333011
What is 2281a4 (base 11) in base 6?
11433055
960982 (base 10) to base 6
32332554
102011123 (base 4) to base 14
1cdd1
What is 145720 (base 13) in base 9?
837674
Convert 100100433 (base 6) to base 5.
413000212
da8f9 (base 16) to base 5
212121400
What is -2000021233 (base 4) in base 10?
-524911
What is -29b694 (base 12) in base 8?
-2537420
What is 123343550 (base 6) in base 7?
26321550
What is -780921 (base 12) in base 6?
-104530041
Convert -6182096 (base 10) to base 16.
-5e54d0
What is 3a817 (base 11) in base 7?
331510
What is 247571 (base 9) in base 4?
210212122
What is 3534296 (base 12) in base 3?
201022212000220
-7dc6d7 (base 16) to base 6
-452401331
-1126639 (base 10) to base 5
-242023024
371213 (base 11) to base 3
1002211112011
-9e1ce (base 16) to base 7
-5335064
Convert -52ef (base 16) to base 11.
-14a51
What is -14c3e5 (base 15) in base 5?
-224101030
Convert -2c4aa5 (base 13) to base 6.
-35253431
What is -501894 (base 10) in base 11?
-313098
Convert 97974 (base 12) to base 15.
3e454
Convert 4713276 (base 8) to base 15.
1a559e
22010112210102 (base 3) to base 7
51505502
Convert -1430121 (base 8) to base 5.
-100434320
Convert -3235292 (base 10) to base 9.
-6070878
-23f23 (base 16) to base 10
-147235
141c0 (base 13) to base 5
2201144
Convert -454d (base 15) to base 5.
-432243
What is -12241220 (base 5) in base 13?
-41b0a
Convert -17624c (base 14) to base 16.
-c916c
What is 5152031 (base 6) in base 10?
247987
1012300120 (base 4) to base 16
46c18
Convert 1a32448 (base 13) to base 16.
83b118
Convert 10120212002 (base 3) to base 11.
49059
What is -1313321230 (base 4) in base 16?
-77e6c
131110133 (base 4) to base 11
82258
Convert 2111112212 (base 3) to base 7.
263366
What is -43012412 (base 5) in base 9?
-608276
What is -2c354 (base 13) in base 6?
-1445102
aa850 (base 12) to base 2
110111001000111100
-5f846a (base 16) to base 15
-839b63
Convert 210130413 (base 5) to base 3.
1121220211220
-100010101110111010101 (base 2) to base 15
-177358
-133204 (base 6) to base 8
-30144
What is 111111101010000101 (base 2) in base 4?
333222011
What is 3716a (base 12) in base 3?
10210020101
-22636044 (base 7) to base 2
-111100110011101000111
1650cc (base 13) to base 14
105b80
Convert 45450702 (base 8) to base 2.
100101100101000111000010
What is 1569a (base 13) in base 16?
9eef
What is -5147076 (base 9) in base 5?
-1200411140
Convert 228999 (base 11) to base 6.
11441341
-101100001101001101111110 (base 2) to base 15
-103d953
Convert -1010000101011000000110 (base 2) to base 16.
-285606
-bb3564 (base 13) to base 15
-5c06c7
-10011001111110011101010 (base 2) to base 6
-300050414
Convert 100101111010110100010 (base 2) to base 6.
42344242
What is -2121004 (base 5) in base 3?
-1211001020
What is 1310032311 (base 4) in base 14?
c5701
-2553023 (base 6) to base 9
-232116
Convert 265004 (base 9) to base 6.
3241521
Convert -183451 (base 9) to base 12.
-5603a
-54a974 (base 16) to base 6
-314531020
Convert -781025 (base 10) to base 15.
-106635
What is -2a823 (base 11) in base 6?
-533441
20011022010 (base 3) to base 11
830a2
222455253 (base 6) to base 12
1434529
Convert -424241 (base 15) to base 8.
-14015571
Convert 70107 (base 13) to base 11.
127382
-9828a (base 11) to base 9
-236738
Convert 22a739 (base 13) to base 15.
113c59
What is -43505012 (base 6) in base 8?
-4752340
Convert 30132134 (base 5) to base 4.
322200311
Convert -24d09 (base 14) to base 16.
-160fd
a43333 (base 11) to base 14
317c14
What is 79881 (base 14) in base 10?
295289
Convert 10242304433 (base 5) to base 9.
22453747
What is 12442413 (base 5) in base 9?
210082
What is -145205433 (base 6) in base 8?
-13503735
Convert 123033102030 (base 4) to base 6.
413013500
Convert -24243304 (base 5) to base 12.
-abb02
Convert -15b963 (base 13) to base 16.
-83cdb
What is 4131124131 (base 5) in base 7?
131615004
What is 149eb (base 15) in base 16?
10343
-22714633 (base 8) to base 5
-2232021043
What is 220120200221 (base 3) in base 13?
13c2c4
What is 2311310323 (base 4) in base 3?
1101211121211
Convert 7665444 (base 8) to base 12.
8336b0
What is -744d5 (base 14) in base 8?
-1044433
Convert -3004442 (base 5) to base 2.
-1011100110001001
Convert -110010101000110111000 (base 2) to base 14.
-3129cc
Convert -6a0585 (base 13) to base 4.
-21211312102
-202455510 (base 6) to base 5
-1343211034
What is 1111111011101101101010 (base 2) in base 5?
2032123441
Convert -9652a8 (base 11) to base 16.
-179080
-13111101 (base 5) to base 6
-2432433
Convert 1011011100111101001 (base 2) to base 6.
12013213
4214344 (base 6) to base 2
110001111010111000
Convert 9175a (base 11) to base 9.
223742
11110110001010001101 (base 2) to base 11
629589
Convert -50b7b (base 12) to base 2.
-11001101110001111
What is 10222353 (base 6) in base 9?
504606
Convert 255922 (base 13) to base 8.
3331605
Convert -2103002 (base 9) to base 10.
-1124120
Convert 21434223 (base 5) to base 10.
186813
544776 (base 9) to base 6
10544453
-12220101021021 (base 3) to base 5
-1300341313
-204031421 (base 6) to base 14
-685abb
Convert 11360984 (base 10) to base 3.
210101012100012
What is 311108 (base 10) in base 15?
622a8
Convert -212202303011 (base 4) to base 11.
-578131a
What is -211021110020 (base 3) in base 12?
-1918a3
Convert -1101101010011011011111 (base 2) to base 7.
-42305111
Convert 214c4d (base 15) to base 8.
6030760
1121211122010 (base 3) to base 5
210102434
-23230251 (base 6) to base 15
-e323d
What is 1b030a (base 13) in base 11?
42942a
-2100100022101 (base 3) to base 4
-10300121200
Convert 131335044 (base 6) to base 7.
31023601
-33431422 (base 6) to base 4
-3313311212
What is -61039 (base 10) in base 8?
-167157
Convert 104314431 (base 5) to base 13.
133105
Convert -1450707 (base 9) to base 6.
-25100224
What is 21431424 (base 6) in base 5?
131020041
Convert -3524283 (base 10) to base 4.
-31130122323
8a670 (base 12) to base 13
65a5a
What is -129a347 (base 12) in base 8?
-16043147
What is 607546 (base 12) in base 6?
52135330
Convert 126a6 (base 16) to base 13.
28444
What is -1101111100000101 (base 2) in base 9?
-86276
11d0c (base 14) to base 12
21374
Convert -35503234 (base 6) to base 10.
-1112710
Convert -56c936 (base 13) to base 14.
-3b7281
Convert -1830175 (base 9) to base 3.
-1221000012112
-697c3 (base 14) to base 6
-5300331
What is 2b8954 (base 15) in base 3?
10221221010221
What is -27a9de (base 16) in base 2?
-1001111010100111011110
Convert -106150 (base 14) to base 11.
-349710
What is a20c7 (base 16) in base 5?
132220001
Convert 1111111001111000111 (base 2) to base 5.
113134114
110011111101101000100 (base 2) to base 8
6375504
What is -4541723 (base 8) in base 11?
-76aa51
130a33 (base 13) to base 9
768205
What is 1fb7ea (base 16) in base 2?
111111011011111101010
2001222001 (base 3) to base 14
10c22
What is -66315 (base 7) in base 11?
-11542
Convert -3863311 (base 11) to base 15.
-8c3bda
-10280457 (base 9) to base 11
-2883a64
What is 44343212 (base 5) in base 6?
12145031
What is 22212002222 (base 3) in base 8?
524347
What is 212240404 (base 5) in base 10?
899479
beec5 (base 16) to base 9
1421652
What is -11011101111101000110111 (base 2) in base 4?
-123233220313
What is 2c6f89 (base 16) in base 7?
33516124
What is 263995 (base 13) in base 2?
11100001001001001010
-142641 (base 9) to base 11
-5a630
Convert 12c64a (bas